1
In base 6, what is 432134051 - 4?
432134043
In base 4, what is -133300 + 3303?
-123331
In base 15, what is -1c23e2c - 3?
-1c23e30
In base 5, what is -10003123210034 - 2?
-10003123210041
In base 4, what is 303200133100 - -11?
303200133111
In base 10, what is 57560629 + -22?
57560607
In base 16, what is d9d036b - 8?
d9d0363
In base 4, what is 1 + 323123211122?
323123211123
In base 7, what is -2 + 4055113?
4055111
In base 9, what is -37044337 - 5?
-37044343
In base 13, what is 8a - -1072549?
1072606
In base 3, what is -12 + 2200010000112002?
2200010000111220
In base 10, what is 7287685 + 2?
7287687
In base 13, what is -1aa88 - 103?
-1ab8b
In base 6, what is -331254 + 10?
-331244
In base 12, what is 6a78 - 552?
6526
In base 14, what is aa9b7 + -6?
aa9b1
In base 13, what is a - -5b8058b?
5b80598
In base 3, what is -120011011112200211 - 0?
-120011011112200211
In base 10, what is 13 + 183030?
183043
In base 9, what is 8048 + -12377?
-3328
In base 15, what is 1651d785 - 3?
1651d782
In base 13, what is 29264 + -1ac?
29085
In base 13, what is -2 - c8483?
-c8485
In base 15, what is 144110 + -38?
1440c7
In base 11, what is 31000 - 7a8a?
24021
In base 10, what is -2019918 + 91?
-2019827
In base 14, what is -332424 + -1a?
-332440
In base 15, what is 2 - -4472dac?
4472dae
In base 16, what is -3 + -3600c9e?
-3600ca1
In base 14, what is 30 - 1bc497?
-1bc467
In base 5, what is -3323022 - 20?
-3323042
In base 5, what is 342320111 - 20?
342320041
In base 15, what is 9 + -298926?
-29891c
In base 3, what is -1221102202112 - 20?
-1221102202202
In base 4, what is 12002 + 2230002?
2302010
In base 10, what is -3399 - 914?
-4313
In base 16, what is 1060 - 114?
f4c
In base 9, what is -236827571 - 2?
-236827573
In base 14, what is 2a478 - 5?
2a473
In base 6, what is 24025105 + -5?
24025100
In base 8, what is -10 - -3523331?
3523321
In base 15, what is 32 - 290dd2?
-290da0
In base 10, what is 112575 + -434?
112141
In base 13, what is 2a3 - -9847?
9b1a
In base 2, what is -100101110100011 - -10100101111?
-100011001110100
In base 16, what is -20404 - ca8?
-210ac
In base 10, what is -134963 + 45?
-134918
In base 14, what is 36 + 191c34c?
191c384
In base 13, what is 59 + c96594?
c96620
In base 13, what is 1b39 + 45a?
2296
In base 16, what is -124ded + f?
-124dde
In base 4, what is -22311113213 + 10?
-22311113203
In base 4, what is -13 + 2021131131?
2021131112
In base 8, what is -135 + 1502765?
1502630
In base 7, what is 20 + 10025554?
10025604
In base 12, what is -3 - -2a398a5?
2a398a2
In base 13, what is 3557 - 1ac6?
1761
In base 8, what is 25554204 - -17?
25554223
In base 7, what is 23033 + 1633550?
1656613
In base 3, what is -20111101 - -221122100?
201010222
In base 13, what is -162 + 1261?
10cc
In base 15, what is -3847138c - 3?
-38471390
In base 6, what is -545140 - 24?
-545204
In base 12, what is 22073 - a10b?
13b64
In base 15, what is -c87bab - -34?
-c87b77
In base 4, what is -122 + 20210121313?
20210121131
In base 7, what is -3546 + 33004?
26125
In base 14, what is 1 - 8265660?
-826565d
In base 4, what is -2001 - 112000232?
-112002233
In base 6, what is 45230142 - -44?
45230230
In base 4, what is 1311030003132 + 11?
1311030003203
In base 8, what is 3 + 605052305?
605052310
In base 16, what is 87 - 1141?
-10ba
In base 11, what is -1017349 + -4?
-1017352
In base 15, what is -ad7 - 11328?
-11e10
In base 3, what is -212002120010 + -111220?
-212010002000
In base 8, what is -54016772 - 5?
-54016777
In base 5, what is 3 - 10044334141?
-10044334133
In base 16, what is a9ff - 67?
a998
In base 10, what is -1 + 111297?
111296
In base 15, what is ac8c - -404?
b191
In base 3, what is -20120220 - -1222012211?
1201121221
In base 7, what is -3 - 1000566213?
-1000566216
In base 14, what is 39 + -27344a?
-273411
In base 6, what is 10010 + -34150?
-24140
In base 12, what is -1bb5 + 1411?
-7a4
In base 6, what is 555510 - 32331?
523135
In base 10, what is -13 - 3239613?
-3239626
In base 9, what is 701754 - -5?
701760
In base 7, what is 263324533 + -23?
263324510
In base 11, what is 7 + -1855306?
-18552aa
In base 16, what is 1bc43 + -13b?
1bb08
In base 13, what is -a21 + 161?
-890
In base 11, what is -54 + 4a15742?
4a15699
In base 16, what is -25 - -503f4?
503cf
In base 15, what is 5 + 1502a8?
1502ad
In base 6, what is -1031423250 - 2?
-1031423252
In base 4, what is 231010002120 + 11?
231010002131
In base 16, what is -24061d - -45?
-2405d8
In base 9, what is -284 - 514510?
-514804
In base 5, what is 3410230312 - 31?
3410230231
In base 10, what is 153796 - -106?
153902
In base 14, what is bbcad8dd - 0?
bbcad8dd
In base 14, what is 4 - a89581?
-a8957b
In base 16, what is -2 - -1ff253?
1ff251
In base 11, what is 6a1a4344 + -1?
6a1a4343
In base 2, what is 1010001110110101010100100 + 100?
1010001110110101010101000
In base 2, what is -1011110110 - -100011111110011?
100010011111101
In base 2, what is 1101000 - 100100110100111101?
-100100110011010101
In base 15, what is -102 - 8a53?
-8b55
In base 15, what is bc85 + -9b?
bbd9
In base 13, what is 6 - 7a4b89?
-7a4b83
In base 4, what is 1003223312 + 100120?
1003330032
In base 7, what is 5100253 - 40?
5100213
In base 3, what is -120110111121 - 1210102?
-120112022000
In base 5, what is 43044241 - 101?
43044140
In base 2, what is -101100011011111 - 11010111001001?
-1000111010101000
In base 9, what is 28636 + -1776?
26750
In base 10, what is -23 + -1678553?
-1678576
In base 2, what is -10100110 + 10000110000011001?
10000101101110011
In base 2, what is -11001100000 + -110010111101?
-1001100011101
In base 3, what is 10011120012 + 20010221?
10101201010
In base 13, what is 2a9a6 - 37?
2a96c
In base 14, what is -4 + -6d0bd32?
-6d0bd36
In base 3, what is 110011111021 - 20222000?
102220112021
In base 13, what is -2762b9 - 11?
-2762ca
In base 9, what is -4 + 6284767?
6284763
In base 4, what is 11 + -100203331132?
-100203331121
In base 4, what is 3132113 + -1322103?
1210010
In base 4, what is 23232 - -30332231?
31022123
In base 10, what is 122383634 + -3?
122383631
In base 7, what is -350432 + -466?
-351231
In base 12, what is 3 + -2806218?
-2806215
In base 16, what is -46e + 6166?
5cf8
In base 6, what is -540132315 - -32?
-540132243
In base 7, what is 203 - 140563?
-140360
In base 12, what is -35998 - -2b2?
-356a6
In base 16, what is -5 - 1aa2b7d?
-1aa2b82
In base 16, what is -e6d6c0 - -4?
-e6d6bc
In base 13, what is -2671 + -25?
-2696
In base 4, what is 2 + 23130033223?
23130033231
In base 5, what is 1 + -1414314321?
-1414314320
In base 11, what is 86980a - -3?
869812
In base 11, what is -1 - 3189577?
-3189578
In base 11, what is -474301 - 17?
-474318
In base 9, what is -54 + 407535?
407471
In base 10, what is -760452648 + 5?
-760452643
In base 14, what is -5 - -723d4a?
723d45
In base 10, what is -194 - 473003?
-473197
In base 5, what is -101134210 - 330?
-101140040
In base 3, what is 2012012 + 222200002?
1001212021
In base 11, what is 874070 - 1a?
874051
In base 6, what is 5 + -2403221404?
-2403221355
In base 6, what is -403230 - -321131?
-42055
In base 14, what is -1005d - 31d?
-1037c
In base 8, what is -106301005 + 4?
-106301001
In base 7, what is 6 + 12542654?
12542663
In base 16, what is 5cfcbd - 3?
5cfcba
In base 3, what is -2012 - -122112002000?
122111222211
In base 7, what is 1250424 - -1101?
1251525
In base 10, what is 34 + -6707374?
-6707340
In base 9, what is -5 + 10520571?
10520565
In base 11, what is -1252 + 12a7?
55
In base 16, what is 62e455 - 5?
62e450
In base 6, what is -4 + -431211054?
-431211102
In base 16, what is 5 + 1d9381?
1d9386
In base 16, what is 16 + -140cbff?
-140cbe9
In base 4, what is -1113203320103 + -10?
-1113203320113
In base 13, what is 2ac + 4a73b?
4aa1a
In base 6, what is 32 + -13335451?
-13335415
In base 4, what is -1 + 121033322100?
121033322033
In base 5, what is 111000302 + -20?
111000232
In base 12, what is -733b + 3b285?
33b46
In base 6, what is -4141 - -41200?
33015
In base 5, what is -223 + -2444240030?
-2444240303
In base 3, what is -10 + -20111022221011200?
-20111022221011210
In base 5, what is 323343 - -1023?
324421
In base 13, what is 82 - c991?
-c90c
In base 15, what is -ab + d2c7?
d21b
In base 10, what is 153646 + -3?
153643
In base 16, what is -370882 - 2?
-370884
In base 6, what is 12103 + 10503244?
105153